3
List the prime factors of 417758760.
2, 3, 5, 43, 26987
What are the prime factors of 190456043?
190456043
List the prime factors of 5349148237.
5349148237
List the prime factors of 3373003530.
2, 3, 5, 13, 233, 12373
List the prime factors of 662371190.
2, 5, 13, 5095163
What are the prime factors of 151630053?
3, 23, 2197537
What are the prime factors of 118971376?
2, 59, 193, 653
What are the prime factors of 294849775?
5, 11, 8861
What are the prime factors of 798714728?
2, 7, 2441, 5843
What are the prime factors of 314668665?
3, 5, 2330879
List the prime factors of 403095991.
61, 6608131
What are the prime factors of 53196420?
2, 3, 5, 886607
List the prime factors of 194583905.
5, 2081, 18701
What are the prime factors of 954671479?
6971, 136949
What are the prime factors of 7621000599?
3, 31, 379, 216217
What are the prime factors of 4472517?
3, 7, 89, 2393
What are the prime factors of 394168677?
3, 7, 619, 30323
What are the prime factors of 2394377782?
2, 173, 211, 32797
List the prime factors of 7558112.
2, 251, 941
What are the prime factors of 137534397?
3, 7, 11, 13, 271
What are the prime factors of 993783305?
5, 1861, 106801
What are the prime factors of 38985435?
3, 5, 19, 15199
What are the prime factors of 3653996691?
3, 31, 39290287
What are the prime factors of 3105565681?
349, 2467, 3607
List the prime factors of 175220639.
11, 29, 549281
What are the prime factors of 642901381?
37, 67, 259339
What are the prime factors of 111027395?
5, 47, 472457
What are the prime factors of 908444731?
23, 39497597
What are the prime factors of 88945339?
7, 127, 14293
What are the prime factors of 1933021451?
37, 227, 230149
List the prime factors of 58667764.
2, 73, 331, 607
What are the prime factors of 68222874?
2, 3, 101, 103, 1093
List the prime factors of 1455567099.
3, 7, 83, 119299
What are the prime factors of 3670490122?
2, 13, 107, 1319371
What are the prime factors of 648393279?
3, 216131093
List the prime factors of 545936722.
2, 31, 367, 23993
List the prime factors of 749697951.
3, 337, 741541
List the prime factors of 97855025.
5, 3914201
List the prime factors of 5651761759.
7, 2143, 376759
What are the prime factors of 70872123?
3, 7, 73, 83, 557
What are the prime factors of 1078920591?
3, 7, 51377171
What are the prime factors of 2106724930?
2, 5, 599, 351707
What are the prime factors of 125951449?
13, 269, 36017
List the prime factors of 5231293970.
2, 5, 7, 443, 168697
List the prime factors of 187678268.
2, 241, 194687
List the prime factors of 678458824.
2, 84807353
List the prime factors of 675619313.
47, 14374879
List the prime factors of 47349171.
3, 1753673
List the prime factors of 2009535619.
7, 13, 47, 67121
List the prime factors of 3759127436.
2, 29, 83, 390437
List the prime factors of 158087239.
19, 8320381
List the prime factors of 1311406526.
2, 13033, 50311
What are the prime factors of 537789242?
2, 268894621
List the prime factors of 3781716973.
127, 29777299
What are the prime factors of 1889265186?
2, 3, 104959177
List the prime factors of 32380860.
2, 3, 5, 283, 1907
What are the prime factors of 860600828?
2, 215150207
List the prime factors of 32476318.
2, 7, 331391
What are the prime factors of 42543968?
2, 1329499
What are the prime factors of 365187113?
929, 393097
What are the prime factors of 103618954?
2, 51809477
List the prime factors of 3683552179.
26681, 138059
What are the prime factors of 39486997?
11, 19, 188933
What are the prime factors of 56791296?
2, 3, 157
What are the prime factors of 263561329?
3137, 84017
What are the prime factors of 675531?
3, 47, 1597
What are the prime factors of 4517224250?
2, 5, 7, 11, 4789
List the prime factors of 207008258.
2, 61, 307, 5527
What are the prime factors of 857491508?
2, 19, 11282783
List the prime factors of 36620625.
3, 5, 19531
What are the prime factors of 25884431?
353, 73327
What are the prime factors of 13879032?
2, 3, 349, 1657
What are the prime factors of 395623625?
5, 3164989
List the prime factors of 129746034.
2, 3, 11, 655283
List the prime factors of 2369027883.
3, 311, 2539151
What are the prime factors of 1633220999?
1633220999
What are the prime factors of 174806064?
2, 3, 1213931
List the prime factors of 2147303499.
3, 11, 107, 608129
What are the prime factors of 1830696984?
2, 3, 1277, 6637
What are the prime factors of 2407382?
2, 1203691
What are the prime factors of 2109091180?
2, 5, 7, 73, 206369
What are the prime factors of 113085322?
2, 7, 73, 110651
What are the prime factors of 274655078?
2, 137327539
What are the prime factors of 464110640?
2, 5, 7, 73, 11353
What are the prime factors of 320583647?
6719, 47713
What are the prime factors of 76515367?
2297, 33311
What are the prime factors of 2484176312?
2, 8219, 37781
What are the prime factors of 117988242?
2, 3, 41, 269, 1783
What are the prime factors of 396469490?
2, 5, 39646949
List the prime factors of 509796448.
2, 7, 19, 119783
What are the prime factors of 51006525?
3, 5, 23, 29569
List the prime factors of 75953118.
2, 3, 12658853
List the prime factors of 369063003.
3, 5659, 21739
What are the prime factors of 17645525?
5, 705821
What are the prime factors of 62240592?
2, 3, 1296679
What are the prime factors of 81354017?
81354017
What are the prime factors of 75955134?
2, 3, 149, 84961
What are the prime factors of 286562656?
2, 8955083
What are the prime factors of 253181805?
3, 5, 31, 544477
What are the prime factors of 1707227596?
2, 19, 22463521
List the prime factors of 10463447.
409, 25583
What are the prime factors of 664016245?
5, 37, 397, 9041
What are the prime factors of 398011785?
3, 5, 983, 26993
What are the prime factors of 130620374?
2, 271, 240997
List the prime factors of 3515476230.
2, 3, 5, 7, 5580121
List the prime factors of 67570935.
3, 5, 19, 237091
List the prime factors of 596924619.
3, 71, 601, 4663
What are the prime factors of 680957648?
2, 7, 6079979
List the prime factors of 8643298.
2, 139, 31091
List the prime factors of 125502157.
11, 11409287
What are the prime factors of 63208012?
2, 7, 53, 191, 223
List the prime factors of 118856945.
5, 17, 31, 43, 1049
What are the prime factors of 4308789170?
2, 5, 7, 4003, 15377
What are the prime factors of 1450555943?
16553, 87631
List the prime factors of 1065120512.
2, 61, 68207
List the prime factors of 2332257477.
3, 11, 23, 911, 3373
What are the prime factors of 1258356941?
83, 15160927
What are the prime factors of 320158053?
3, 41, 263, 3299
List the prime factors of 164501178.
2, 3, 71, 386153
What are the prime factors of 855936064?
2, 13374001
What are the prime factors of 159824288?
2, 13, 384193
List the prime factors of 221810199.
3, 13, 19, 127, 2357
List the prime factors of 14860003.
14860003
List the prime factors of 32767072.
2, 13, 73, 83
What are the prime factors of 53343277?
13, 4103329
List the prime factors of 466026724.
2, 7121, 16361
What are the prime factors of 213699930?
2, 3, 5, 7123331
List the prime factors of 65434236.
2, 3, 7, 778979
What are the prime factors of 1222279362?
2, 3, 17, 307, 4337
What are the prime factors of 2722043113?
19, 163, 878929
List the prime factors of 153764759.
179, 4799
What are the prime factors of 16627555?
5, 7, 475073
List the prime factors of 58566232.
2, 59, 167, 743
What are the prime factors of 9629136?
2, 3, 11, 6079
What are the prime factors of 7394676?
2, 3, 616223
What are the prime factors of 2069088097?
47, 61, 11831
List the prime factors of 24697733.
24697733
What are the prime factors of 8298710?
2, 5, 7, 103, 1151
List the prime factors of 216575240.
2, 5, 7, 17, 173, 263
List the prime factors of 836066808.
2, 3, 389, 29851
What are the prime factors of 12859161?
3, 7, 612341
List the prime factors of 71604715.
5, 7, 13, 241, 653
List the prime factors of 86122363.
89, 967667
List the prime factors of 106441110.
2, 3, 5, 1182679
What are the prime factors of 4733185?
5, 19, 49823
List the prime factors of 5046738171.
3, 1682246057
What are the prime factors of 288839223?
3, 241, 44389
What are the prime factors of 37014114?
2, 3, 6169019
List the prime factors of 42178418.
2, 21089209
List the prime factors of 333927143.
11, 30357013
List the prime factors of 119579402.
2, 